6
Calculate the greatest common factor of 40 and 3.
1
Calculate the highest common divisor of 90 and 2376.
18
Calculate the highest common factor of 49 and 31.
1
Calculate the highest common factor of 78 and 1378.
26
What is the greatest common divisor of 516 and 756?
12
What is the greatest common factor of 494 and 754?
26
What is the greatest common factor of 8832 and 72?
24
What is the greatest common divisor of 387 and 215?
43
What is the highest common divisor of 4901 and 7917?
377
Calculate the highest common divisor of 494 and 190.
38
Calculate the greatest common divisor of 2490 and 90.
30
What is the greatest common divisor of 1243 and 11?
11
What is the greatest common divisor of 172 and 2623?
43
What is the highest common divisor of 836 and 76?
76
What is the greatest common divisor of 124 and 186?
62
Calculate the highest common divisor of 2596 and 132.
44
What is the greatest common factor of 30 and 10935?
15
Calculate the highest common factor of 10 and 4710.
10
Calculate the highest common factor of 81 and 11.
1
Calculate the highest common factor of 40 and 85240.
40
Calculate the greatest common factor of 18 and 1656.
18
What is the greatest common factor of 2464 and 154?
154
Calculate the highest common factor of 2 and 6098.
2
Calculate the highest common factor of 210 and 54.
6
What is the greatest common factor of 6 and 729?
3
Calculate the greatest common divisor of 200 and 10.
10
Calculate the greatest common divisor of 66 and 506.
22
What is the greatest common divisor of 1059 and 3?
3
Calculate the greatest common divisor of 378 and 486.
54
What is the greatest common divisor of 40 and 36?
4
Calculate the highest common divisor of 12 and 104.
4
Calculate the greatest common divisor of 2 and 29.
1
What is the greatest common factor of 165 and 6699?
33
What is the greatest common divisor of 427 and 3904?
61
What is the greatest common factor of 2668 and 184?
92
Calculate the highest common divisor of 99 and 693.
99
What is the highest common factor of 2 and 256?
2
Calculate the greatest common factor of 85 and 1751.
17
Calculate the highest common divisor of 1909 and 1.
1
Calculate the greatest common factor of 4042 and 86.
86
Calculate the greatest common divisor of 14180 and 40.
20
Calculate the highest common divisor of 9165 and 390.
195
What is the highest common divisor of 44 and 550?
22
What is the greatest common divisor of 455 and 4004?
91
Calculate the highest common factor of 3 and 1131.
3
What is the greatest common factor of 380 and 20?
20
What is the greatest common factor of 243 and 27?
27
Calculate the highest common divisor of 27547 and 326.
163
What is the highest common factor of 1134 and 2754?
162
What is the greatest common factor of 15 and 37?
1
What is the highest common factor of 13 and 16627?
13
Calculate the greatest common factor of 25 and 205.
5
Calculate the highest common divisor of 13 and 299.
13
What is the greatest common factor of 5565 and 105?
105
What is the greatest common factor of 28 and 1757?
7
What is the highest common divisor of 8 and 15608?
8
Calculate the highest common factor of 640 and 880.
80
What is the greatest common divisor of 209 and 220?
11
What is the greatest common factor of 3 and 51?
3
What is the greatest common divisor of 726 and 5929?
121
What is the greatest common divisor of 846 and 9?
9
Calculate the greatest common factor of 325 and 65.
65
What is the greatest common factor of 327 and 8938?
109
What is the highest common factor of 456 and 24?
24
Calculate the highest common factor of 55 and 20.
5
Calculate the highest common divisor of 10 and 120.
10
What is the highest common divisor of 1952 and 96?
32
Calculate the greatest common divisor of 5832 and 72.
72
What is the highest common factor of 917 and 7?
7
What is the highest common factor of 16383 and 129?
129
What is the highest common divisor of 32 and 2984?
8
What is the greatest common divisor of 12 and 27?
3
What is the highest common divisor of 69 and 2139?
69
What is the greatest common divisor of 765 and 17?
17
Calculate the greatest common divisor of 60 and 108.
12
What is the greatest common divisor of 9665 and 5?
5
What is the highest common factor of 174 and 78?
6
What is the highest common factor of 142 and 6887?
71
What is the greatest common divisor of 12519 and 117?
117
Calculate the highest common factor of 11 and 7183.
11
Calculate the greatest common divisor of 210 and 1344.
42
Calculate the highest common factor of 285 and 255.
15
What is the greatest common factor of 13 and 2561?
13
Calculate the highest common factor of 3 and 7.
1
Calculate the highest common divisor of 364 and 308.
28
What is the greatest common divisor of 81 and 54?
27
What is the greatest common divisor of 2263 and 155?
31
Calculate the greatest common divisor of 111 and 592.
37
What is the highest common divisor of 72 and 99?
9
What is the highest common factor of 42 and 42?
42
What is the greatest common factor of 1207 and 17?
17
Calculate the highest common factor of 855 and 180.
45
What is the highest common factor of 10 and 5515?
5
What is the greatest common factor of 2907 and 102?
51
What is the highest common factor of 72 and 10980?
36
What is the highest common factor of 42 and 162?
6
Calculate the highest common factor of 506 and 1738.
22
Calculate the highest common divisor of 21 and 357.
21
What is the greatest common factor of 154 and 14?
14
Calculate the highest common factor of 340 and 860.
20
What is the highest common divisor of 832 and 16?
16
What is the greatest common factor of 532 and 448?
28
What is the greatest common divisor of 156 and 2106?
78
What is the highest common factor of 9345 and 4895?
445
Calculate the greatest common factor of 966 and 92.
46
Calculate the greatest common divisor of 1352 and 16.
8
Calculate the greatest common divisor of 168 and 192.
24
Calculate the highest common divisor of 266 and 14.
14
Calculate the highest common factor of 85 and 15.
5
What is the greatest common factor of 1369 and 296?
37
What is the greatest common divisor of 250 and 75?
25
Calculate the greatest common factor of 7 and 7.
7
What is the highest common factor of 3260 and 20?
20
Calculate the highest common divisor of 23 and 2461.
23
Calculate the greatest common factor of 469 and 67.
67
What is the greatest common divisor of 22 and 1210?
22
What is the greatest common factor of 37011 and 219?
219
What is the greatest common factor of 378 and 448?
14
Calculate the highest common divisor of 70 and 170.
10
Calculate the greatest common factor of 66 and 18.
6
Calculate the greatest common divisor of 140 and 665.
35
What is the highest common factor of 140 and 12530?
70
What is the highest common divisor of 3111 and 61?
61
What is the highest common factor of 49 and 14357?
49
Calculate the greatest common divisor of 405 and 90.
45
Calculate the highest common divisor of 33 and 5302.
11
What is the highest common factor of 1188 and 378?
54
Calculate the highest common divisor of 2 and 18.
2
Calculate the highest common factor of 4275 and 135.
45
Calculate the highest common divisor of 40 and 15.
5
What is the highest common factor of 143 and 187?
11
What is the highest common factor of 21 and 1?
1
Calculate the greatest common factor of 848 and 16.
16
What is the greatest common divisor of 51 and 9809?
17
What is the greatest common divisor of 30 and 276?
6
Calculate the highest common divisor of 4 and 1174.
2
What is the greatest common factor of 32 and 32?
32
What is the highest common factor of 810 and 738?
18
Calculate the greatest common divisor of 84079 and 83.
83
What is the greatest common divisor of 441 and 9?
9
Calculate the highest common factor of 115 and 368.
23
What is the highest common factor of 13752 and 72?
72
Calculate the highest common divisor of 3780 and 810.
270
What is the greatest common factor of 25 and 295?
5
What is the highest common divisor of 470 and 30?
10
Calculate the greatest common divisor of 104 and 299.
13
Calculate the greatest common divisor of 279 and 27.
9
Calculate the highest common factor of 399 and 651.
21
Calculate the highest common divisor of 3752 and 1232.
56
What is the highest common factor of 403 and 130?
13
Calculate the highest common fact